279 = 3*v - 30, 2*v = -3*f + g. What is the units digit of v?
1
Let o(l) = 83*l + 120. Let d(h) = 3*h. Let f(k) = -5*d(k) + o(k). What is the tens digit of f(9)?
3
What is the thousands digit of (-29)/(493/(-99858)) - 14?
5
Let l(g) = 2*g**2 - 21*g - 8. Let b be l(9). Let n = b + 40. Suppose -86 = -3*c - n*j, -2*j + 0*j = 5*c - 137. What is the tens digit of c?
2
Suppose 56 = 3*b + 5*b. Suppose -b*g + 2587 = 970. What is the units digit of g?
1
Let m = 344 - 88. Let l = m - 466. What is the hundreds digit of (-1 - l) + (-35)/7?
2
Suppose 10*d - 3*f = 8*d + 15844, 0 = -4*d + 9*f + 31700. What is the thousands digit of d?
7
Let c = 12221 + 223. What is the units digit of c?
4
Let w(k) = -34*k**3 - 2*k**2 + 2. Let a = -13 - -11. What is the hundreds digit of w(a)?
2
Suppose 91 = -12*b + 139. What is the units digit of (-1038)/(-18)*(1 + -2 + b)?
3
Let i be (-1763)/(-2) - 2/(-4). Suppose -49*k + 51*k = i. What is the units digit of k?
1
Let l be (-3)/(-2)*(-4)/(-8)*108. Suppose -i = -h + l, -5*h + i = -0*h - 397. What is the tens digit of h?
7
Let i(f) be the first derivative of -43*f**2/2 - f - 1. Suppose 14 = -14143*p + 14136*p. What is the tens digit of i(p)?
8
Let f(y) = -28*y - 156. Let o be f(-5). What is the thousands digit of 1315 + o - (-2 - 3)?
1
Let u(j) = -j**3 - 32*j**2 - 226*j - 114. What is the hundreds digit of u(-33)?
4
What is the thousands digit of (5/(-15))/(8/(-100056))?
4
Suppose 5*k + 2*o = 72, 5*k + 32 = -o + 103. Suppose 2*x = 20 + k. Suppose -x*d = -18*d + 21. What is the units digit of d?
1
Suppose n - 40*d + 255055 = 6*n, -4*n = 3*d - 204044. What is the units digit of n?
1
Suppose 2*q - 91 = -11*q. Suppose -q*t + 16*t = 0. Suppose -5*n = -s + 40, t = -4*s + 2*n + 3*n + 190. What is the units digit of s?
0
Let g = 17 - 2. Let j be 45/(-6)*(-384)/g. Suppose 0 = -19*w + 22*w - j. What is the units digit of w?
4
Suppose 104*h - 2305842 = 11*h. What is the ten thousands digit of h?
2
Suppose 144*n = 4*c + 140*n - 51576, -n = 3*c - 38678. What is the ten thousands digit of c?
1
Let z(d) = 16*d**3 + 2*d**2 + d + 8. Let h(x) = -x**3 + 1. Let o(k) = 6*h(k) - z(k). What is the tens digit of o(-2)?
6
Let j = 2 - 26. Let y = 27 + j. Suppose y*d - 150 = -0*d. What is the units digit of d?
0
Suppose 34*j - 424862 = -10226 + 27534. What is the tens digit of j?
0
Let w(u) = -784*u + 1130. What is the hundreds digit of w(-3)?
4
Let d = 2880 + -463. What is the thousands digit of d?
2
Let k(u) = 88*u**2 - 74*u + 228. What is the hundreds digit of k(3)?
7
Let w(a) = 4*a**2 + 14*a + 5. Let h be w(-3). What is the tens digit of 4 + ((-10728)/8)/h?
4
Let n(l) = l**3 + 31*l**2 + 23*l + 81. What is the units digit of n(-27)?
6
Suppose 178*v - 289364 = 206544. What is the units digit of v?
6
Let n(d) = -77*d**3 + 34*d**2 + 11*d + 25. What is the ten thousands digit of n(-8)?
4
Suppose -19*z + 13 = 32. What is the units digit of (-4)/(z + -3)*913 - -3?
6
Let c = -12198 - -31977. Suppose c - 4609 = 10*k. What is the hundreds digit of k?
5
Suppose 2*v = 272*g - 269*g - 35099, 0 = -3*g - 5*v + 35113. What is the hundreds digit of g?
7
Let p(b) = 8*b - 6. Suppose 0 = -0*m + 3*m - 9, y + 4*m = 29. Suppose -3*g + y = 5. What is the tens digit of p(g)?
2
Suppose -s + 6*f - 11*f = -715, 5*f - 25 = 0. What is the units digit of s?
0
Let c = 48 + -92. Let j be 42/8 - (-11)/c. Let z(f) = 3*f**2 - 2*f + 11. What is the units digit of z(j)?
6
Let f = 80710 - 55226. What is the ten thousands digit of f?
2
Let x be (-6)/2 - (0 + -2). Let n be 4/2*x + -2. What is the units digit of ((-1)/(-2) - 1)/(n/192)?
4
Suppose 25*y - 30*y + 25 = 0. Suppose 0 = -4*g + 2*l + 6, -2*l + 7 = y. Suppose -g*a = -2*m - 292, -a - 277 = -3*a - 3*m. What is the tens digit of a?
4
Suppose 0 = 492*d + 251*d - 8693170 - 8574893. What is the thousands digit of d?
3
Let z = 28 - 26. Let b be ((-1)/(-3))/(z/9018). Suppose -7*r = 2*r - b. What is the units digit of r?
7
Let m be 2 + 2 + 23 - 2. Let v(c) = -11*c**2 + 35*c. Let w be v(3). Suppose w*b - 467 = m. What is the units digit of b?
2
Suppose -g = -5*c - 34 + 3, 3*g - 33 = 3*c. Suppose -8 = r - 3*r. Suppose -2 = -2*s, -3*o = -g*o + r*s + 56. What is the units digit of o?
0
Let j be 83875/30 - (-5)/30. Suppose 28*n + j = 34*n. What is the units digit of n?
6
Suppose -410 = 5*b - 0*b. Let s be 820/15*6 - 0. Let r = s + b. What is the tens digit of r?
4
Suppose -79*o = -90*o + 33. Let c(h) = 12*h**3 + 4*h**2 + 2*h - 4. What is the hundreds digit of c(o)?
3
Suppose 0 = z - s - 30771, 61549 = 61*z - 59*z + 5*s. What is the thousands digit of z?
0
Let v(y) = 5*y + 99. Let t be v(26). Suppose -2*o = -999 - t. What is the tens digit of o?
1
Let b = -89 - -83. Let o(z) = -3*z - 10. Let y be o(b). What is the hundreds digit of (-43 + 24)*(1 - y)?
1
Let o(m) = 50*m + 51. Let h be o(-4). Let v = -105 - h. What is the tens digit of v?
4
Suppose -3*r - 71 = 5*c, -3*c - 18 - 13 = -4*r. Let s be (567/(-108))/(3/(-88)). Let f = c + s. What is the units digit of f?
1
Let h = -52 + 56. Suppose -4*k + 134 = h*c - 6*c, 5*c - k = -380. Let w = 165 + c. What is the units digit of w?
8
Let n be (-850)/595 - 2/14*-3. Let b(v) = 50*v**2 - 9*v - 3. What is the tens digit of b(n)?
5
Suppose -4*y = f - 12, -5*f + 3*y + 6 = 15. Suppose f = -0*w - 2*w + 4*p + 6, -3*p = -w. Suppose 0 = 5*q - w + 4. What is the units digit of q?
1
Suppose -y = 4*b - b - 145, -5*b + 5*y + 215 = 0. Let x = b + -39. Suppose 0 = -x*p + 2*p + 144. What is the units digit of p?
4
Let o be (-3)/12 + ((-189)/(-12))/3. What is the hundreds digit of 50/(-125) - (-552)/o?
1
Suppose 133*p - 90*p + 530976 = 75*p. What is the thousands digit of p?
6
Suppose 0 = -7*j + 290 + 179. Suppose 908 + j = 3*l. What is the tens digit of l?
2
Suppose 0 = -2*q + 2*i + 2, -5*q - 22*i + 18*i = -14. Let z be 192/(-9) + (-2)/3. Let h = q - z. What is the units digit of h?
4
Let g(u) = 86*u**3 - 17*u**2 + 80*u - 54. What is the thousands digit of g(6)?
8
Let m = -38 - -38. Suppose -9*u - 6*u + 13605 = m. What is the units digit of u?
7
Let j(h) = -93*h - 127. Let m be (-5)/(-5) - (-1)/(2/(-16)). What is the units digit of j(m)?
4
Suppose -z = t + 10 - 0, 5*z + 18 = 3*t. Let j be 4/z*195/(-26). What is the tens digit of (99/(-2))/(j/(-10))?
9
Let g = -151 - -153. Suppose -g*l + 3906 = 12*l. What is the hundreds digit of l?
2
Let b(k) = k + 1. Let c(r) be the third derivative of -13*r**4/24 - 10*r**3/3 - 2*r**2. Let l(d) = 4*b(d) + c(d). What is the units digit of l(-5)?
9
Suppose 5*s = h + 15, 4*s + 3*h - 45 = -14. Suppose -4*l - 3*a + 2356 = 0, 8*l - s*a = 3*l + 2945. What is the hundreds digit of l?
5
Suppose 5*t - 5*g + 14684 - 3429 = 0, 5*g = -25. Let q = -1044 - t. Suppose 8*k - 14*k + q = 0. What is the units digit of k?
2
Let z = 255 - 204. What is the thousands digit of (2156/6)/(17/z)?
1
Let h be 370/(-8)*(-13 - -5). Let j = -188 + h. What is the units digit of j?
2
Suppose -9*o - 7*o - 38864 = 0. Let i = -1270 - o. What is the units digit of i?
9
What is the units digit of 294954/121 - (-4)/11?
8
Let i(p) = 19*p**2 - 11*p + 8. Let a be i(-6). Suppose a + 566 = v. What is the units digit of v?
4
Let w be -12*((-1)/3 - 0). Suppose w*d = 5*l - 3220, 4*d - 2*d - 3220 = -5*l. What is the units digit of l?
4
What is the tens digit of 2/3*(1100296/80 - (-6)/(-30))?
6
Suppose 2*g - t + 0*t = 9, 3*t = -5*g + 6. Let n(s) = s + 1. Let i be n(g). Suppose 348 = 6*p - i*p. What is the units digit of p?
4
Let o = -23 - -27. Suppose 2*r - 1162 = -2*r + 2*t, -606 = -2*r - o*t. Suppose -4*u = -3*n + r, 2*n - 194 = -u + 4*u. What is the units digit of n?
3
Suppose 16 = -h - 3*h, -44 = 4*d + 5*h. Let k be ((-686)/(-21))/(d/9). Let f = 50 + k. What is the units digit of f?
1
Suppose -179 = 8*u - 19235. Let v = u - 1295. What is the hundreds digit of v?
0
What is the hundreds digit of 900/(-40)*((-2468)/5 - 2)?
1
Suppose -2*v = -3*h + 22767, 18481 - 56442 = -5*h - 2*v. What is the thousands digit of h?
7
Let k be (-40)/5*18/24. Let b(d) = -3*d**3 + 3*d**2 - 5*d + 18. What is the units digit of b(k)?
4
Let o(l) = -259*l**3 - 4*l**2 + 152*l + 602. What is the thousands digit of o(-4)?
6
Let p(n) = n**3 - 37*n**2 - 38*n + 3. Let z be p(38). Suppose -x + 5 = 0, -193 = -z*l - 4*x + 1429. What is the units digit of l?
4
Let f